{"id":156,"date":"2022-08-27T14:10:27","date_gmt":"2022-08-27T14:10:27","guid":{"rendered":"https:\/\/kunde29.die-website-spezialisten.at\/?page_id=156"},"modified":"2026-04-29T10:05:00","modified_gmt":"2026-04-29T10:05:00","slug":"kosten","status":"publish","type":"page","link":"https:\/\/praxisfasthuber.at\/index.php\/kosten\/","title":{"rendered":"Kosten"},"content":{"rendered":"\t\t<div data-elementor-type=\"wp-page\" data-elementor-id=\"156\" class=\"elementor elementor-156\">\n\t\t\t\t\t\t<section class=\"elementor-section elementor-top-section elementor-element elementor-element-d582112 elementor-section-boxed elementor-section-height-default elementor-section-height-default\" data-id=\"d582112\" data-element_type=\"section\" data-e-type=\"section\">\n\t\t\t\t\t\t<div class=\"elementor-container elementor-column-gap-default\">\n\t\t\t\t\t<div class=\"elementor-column elementor-col-100 elementor-top-column elementor-element elementor-element-31db78e\" data-id=\"31db78e\" data-element_type=\"column\" data-e-type=\"column\">\n\t\t\t<div class=\"elementor-widget-wrap elementor-element-populated\">\n\t\t\t\t\t\t<div class=\"elementor-element elementor-element-ee5eb8c elementor-widget elementor-widget-heading\" data-id=\"ee5eb8c\" data-element_type=\"widget\" data-e-type=\"widget\" data-widget_type=\"heading.default\">\n\t\t\t\t<div class=\"elementor-widget-container\">\n\t\t\t\t\t<h1 class=\"elementor-heading-title elementor-size-default\">Kosten<\/h1>\t\t\t\t<\/div>\n\t\t\t\t<\/div>\n\t\t\t\t<div class=\"elementor-element elementor-element-1485c2c elementor-widget elementor-widget-image\" data-id=\"1485c2c\" data-element_type=\"widget\" data-e-type=\"widget\" data-widget_type=\"image.default\">\n\t\t\t\t<div class=\"elementor-widget-container\">\n\t\t\t\t\t\t\t\t\t\t\t\t\t\t\t<img fetchpriority=\"high\" decoding=\"async\" width=\"756\" height=\"529\" src=\"https:\/\/praxisfasthuber.at\/wp-content\/uploads\/2022\/08\/mag.edith-fasthuber.jpg\" class=\"attachment-full size-full wp-image-369\" alt=\"Mag. Edith Fasthuber\" srcset=\"https:\/\/praxisfasthuber.at\/wp-content\/uploads\/2022\/08\/mag.edith-fasthuber.jpg 756w, https:\/\/praxisfasthuber.at\/wp-content\/uploads\/2022\/08\/mag.edith-fasthuber-300x210.jpg 300w, https:\/\/praxisfasthuber.at\/wp-content\/uploads\/2022\/08\/mag.edith-fasthuber-624x437.jpg 624w\" sizes=\"(max-width: 756px) 100vw, 756px\" \/>\t\t\t\t\t\t\t\t\t\t\t\t\t\t\t<\/div>\n\t\t\t\t<\/div>\n\t\t\t\t<div class=\"elementor-element elementor-element-ead51b8 elementor-widget elementor-widget-text-editor\" data-id=\"ead51b8\" data-element_type=\"widget\" data-e-type=\"widget\" data-widget_type=\"text-editor.default\">\n\t\t\t\t<div class=\"elementor-widget-container\">\n\t\t\t\t\t\t\t\t\t<p>F\u00fcr eine Einheit von 50 Minuten verrechne ich ein Honorar von 100 \u20ac. Teilrefundierungen durch die Krankenversicherung sind im Anschluss m\u00f6glich. Seit 2024 gilt dies nicht mehr nur f\u00fcr die klinisch-psychologische Wahldiagnostik nach \u00e4rztlicher \u00dcberweisung sondern auch f\u00fcr die klinisch-psychologische Behandlung. Voraussetzungen f\u00fcr zweiteres sind das Vorliegen einer psychischen Befindlichkeitsst\u00f6rung sowie eine \u00e4rztliche Untersuchung vor dem 2. Behandlungstermin.<\/p><p>Refundiert werden 2026 64,56 \u20ac pro Stunde f\u00fcr klinisch-psychologische Diagnostik (einheitlich) sowie zwischen 33,70 \u20ac und 54 \u20ac pro Sitzung f\u00fcr klinisch-psychologische Behandlung (je nach Krankenversicherung).<\/p>\t\t\t\t\t\t\t\t<\/div>\n\t\t\t\t<\/div>\n\t\t\t\t\t<\/div>\n\t\t<\/div>\n\t\t\t\t\t<\/div>\n\t\t<\/section>\n\t\t\t\t<\/div>\n\t\t","protected":false},"excerpt":{"rendered":"<p>Kosten F\u00fcr eine Einheit von 50 Minuten verrechne ich ein Honorar von 100 \u20ac. Teilrefundierungen durch die Krankenversicherung sind im Anschluss m\u00f6glich. Seit 2024 gilt dies nicht mehr nur f\u00fcr die klinisch-psychologische Wahldiagnostik nach \u00e4rztlicher&hellip; <a href=\"https:\/\/praxisfasthuber.at\/index.php\/kosten\/\">Mehr<\/a><\/p>\n","protected":false},"author":1,"featured_media":0,"parent":0,"menu_order":0,"comment_status":"closed","ping_status":"closed","template":"elementor_header_footer","meta":{"footnotes":""},"class_list":["post-156","page","type-page","status-publish","hentry"],"yoast_head":"<!-- This site is optimized with the Yoast SEO plugin v26.7 - https:\/\/yoast.com\/wordpress\/plugins\/seo\/ -->\n<title>Kosten - Mag. Edith Fasthuber<\/title>\n<meta name=\"robots\" content=\"index, follow, max-snippet:-1, max-image-preview:large, max-video-preview:-1\" \/>\n<link rel=\"canonical\" href=\"https:\/\/praxisfasthuber.at\/index.php\/kosten\/\" \/>\n<meta property=\"og:locale\" content=\"de_DE\" \/>\n<meta property=\"og:type\" content=\"article\" \/>\n<meta property=\"og:title\" content=\"Kosten - Mag. Edith Fasthuber\" \/>\n<meta property=\"og:description\" content=\"Kosten F\u00fcr eine Einheit von 50 Minuten verrechne ich ein Honorar von 100 \u20ac. Teilrefundierungen durch die Krankenversicherung sind im Anschluss m\u00f6glich. Seit 2024 gilt dies nicht mehr nur f\u00fcr die klinisch-psychologische Wahldiagnostik nach \u00e4rztlicher&hellip; Mehr\" \/>\n<meta property=\"og:url\" content=\"https:\/\/praxisfasthuber.at\/index.php\/kosten\/\" \/>\n<meta property=\"og:site_name\" content=\"Mag. Edith Fasthuber\" \/>\n<meta property=\"article:modified_time\" content=\"2026-04-29T10:05:00+00:00\" \/>\n<meta property=\"og:image\" content=\"https:\/\/praxisfasthuber.at\/wp-content\/uploads\/2022\/08\/mag.edith-fasthuber.jpg\" \/>\n\t<meta property=\"og:image:width\" content=\"756\" \/>\n\t<meta property=\"og:image:height\" content=\"529\" \/>\n\t<meta property=\"og:image:type\" content=\"image\/jpeg\" \/>\n<meta name=\"twitter:card\" content=\"summary_large_image\" \/>\n<meta name=\"twitter:label1\" content=\"Gesch\u00e4tzte Lesezeit\" \/>\n\t<meta name=\"twitter:data1\" content=\"1\u00a0Minute\" \/>\n<script type=\"application\/ld+json\" class=\"yoast-schema-graph\">{\"@context\":\"https:\/\/schema.org\",\"@graph\":[{\"@type\":\"WebPage\",\"@id\":\"https:\/\/praxisfasthuber.at\/index.php\/kosten\/\",\"url\":\"https:\/\/praxisfasthuber.at\/index.php\/kosten\/\",\"name\":\"Kosten - Mag. Edith Fasthuber\",\"isPartOf\":{\"@id\":\"https:\/\/praxisfasthuber.at\/#website\"},\"primaryImageOfPage\":{\"@id\":\"https:\/\/praxisfasthuber.at\/index.php\/kosten\/#primaryimage\"},\"image\":{\"@id\":\"https:\/\/praxisfasthuber.at\/index.php\/kosten\/#primaryimage\"},\"thumbnailUrl\":\"https:\/\/praxisfasthuber.at\/wp-content\/uploads\/2022\/08\/mag.edith-fasthuber.jpg\",\"datePublished\":\"2022-08-27T14:10:27+00:00\",\"dateModified\":\"2026-04-29T10:05:00+00:00\",\"breadcrumb\":{\"@id\":\"https:\/\/praxisfasthuber.at\/index.php\/kosten\/#breadcrumb\"},\"inLanguage\":\"de\",\"potentialAction\":[{\"@type\":\"ReadAction\",\"target\":[\"https:\/\/praxisfasthuber.at\/index.php\/kosten\/\"]}]},{\"@type\":\"ImageObject\",\"inLanguage\":\"de\",\"@id\":\"https:\/\/praxisfasthuber.at\/index.php\/kosten\/#primaryimage\",\"url\":\"https:\/\/praxisfasthuber.at\/wp-content\/uploads\/2022\/08\/mag.edith-fasthuber.jpg\",\"contentUrl\":\"https:\/\/praxisfasthuber.at\/wp-content\/uploads\/2022\/08\/mag.edith-fasthuber.jpg\",\"width\":756,\"height\":529,\"caption\":\"Mag. Edith Fasthuber\"},{\"@type\":\"BreadcrumbList\",\"@id\":\"https:\/\/praxisfasthuber.at\/index.php\/kosten\/#breadcrumb\",\"itemListElement\":[{\"@type\":\"ListItem\",\"position\":1,\"name\":\"Startseite\",\"item\":\"https:\/\/praxisfasthuber.at\/\"},{\"@type\":\"ListItem\",\"position\":2,\"name\":\"Kosten\"}]},{\"@type\":\"WebSite\",\"@id\":\"https:\/\/praxisfasthuber.at\/#website\",\"url\":\"https:\/\/praxisfasthuber.at\/\",\"name\":\"Mag. Edith Fasthuber\",\"description\":\"Praxis f\u00fcr Klinische Psychologie\",\"potentialAction\":[{\"@type\":\"SearchAction\",\"target\":{\"@type\":\"EntryPoint\",\"urlTemplate\":\"https:\/\/praxisfasthuber.at\/?s={search_term_string}\"},\"query-input\":{\"@type\":\"PropertyValueSpecification\",\"valueRequired\":true,\"valueName\":\"search_term_string\"}}],\"inLanguage\":\"de\"}]}<\/script>\n<!-- \/ Yoast SEO plugin. -->","yoast_head_json":{"title":"Kosten - Mag. Edith Fasthuber","robots":{"index":"index","follow":"follow","max-snippet":"max-snippet:-1","max-image-preview":"max-image-preview:large","max-video-preview":"max-video-preview:-1"},"canonical":"https:\/\/praxisfasthuber.at\/index.php\/kosten\/","og_locale":"de_DE","og_type":"article","og_title":"Kosten - Mag. Edith Fasthuber","og_description":"Kosten F\u00fcr eine Einheit von 50 Minuten verrechne ich ein Honorar von 100 \u20ac. Teilrefundierungen durch die Krankenversicherung sind im Anschluss m\u00f6glich. Seit 2024 gilt dies nicht mehr nur f\u00fcr die klinisch-psychologische Wahldiagnostik nach \u00e4rztlicher&hellip; Mehr","og_url":"https:\/\/praxisfasthuber.at\/index.php\/kosten\/","og_site_name":"Mag. Edith Fasthuber","article_modified_time":"2026-04-29T10:05:00+00:00","og_image":[{"width":756,"height":529,"url":"https:\/\/praxisfasthuber.at\/wp-content\/uploads\/2022\/08\/mag.edith-fasthuber.jpg","type":"image\/jpeg"}],"twitter_card":"summary_large_image","twitter_misc":{"Gesch\u00e4tzte Lesezeit":"1\u00a0Minute"},"schema":{"@context":"https:\/\/schema.org","@graph":[{"@type":"WebPage","@id":"https:\/\/praxisfasthuber.at\/index.php\/kosten\/","url":"https:\/\/praxisfasthuber.at\/index.php\/kosten\/","name":"Kosten - Mag. Edith Fasthuber","isPartOf":{"@id":"https:\/\/praxisfasthuber.at\/#website"},"primaryImageOfPage":{"@id":"https:\/\/praxisfasthuber.at\/index.php\/kosten\/#primaryimage"},"image":{"@id":"https:\/\/praxisfasthuber.at\/index.php\/kosten\/#primaryimage"},"thumbnailUrl":"https:\/\/praxisfasthuber.at\/wp-content\/uploads\/2022\/08\/mag.edith-fasthuber.jpg","datePublished":"2022-08-27T14:10:27+00:00","dateModified":"2026-04-29T10:05:00+00:00","breadcrumb":{"@id":"https:\/\/praxisfasthuber.at\/index.php\/kosten\/#breadcrumb"},"inLanguage":"de","potentialAction":[{"@type":"ReadAction","target":["https:\/\/praxisfasthuber.at\/index.php\/kosten\/"]}]},{"@type":"ImageObject","inLanguage":"de","@id":"https:\/\/praxisfasthuber.at\/index.php\/kosten\/#primaryimage","url":"https:\/\/praxisfasthuber.at\/wp-content\/uploads\/2022\/08\/mag.edith-fasthuber.jpg","contentUrl":"https:\/\/praxisfasthuber.at\/wp-content\/uploads\/2022\/08\/mag.edith-fasthuber.jpg","width":756,"height":529,"caption":"Mag. Edith Fasthuber"},{"@type":"BreadcrumbList","@id":"https:\/\/praxisfasthuber.at\/index.php\/kosten\/#breadcrumb","itemListElement":[{"@type":"ListItem","position":1,"name":"Startseite","item":"https:\/\/praxisfasthuber.at\/"},{"@type":"ListItem","position":2,"name":"Kosten"}]},{"@type":"WebSite","@id":"https:\/\/praxisfasthuber.at\/#website","url":"https:\/\/praxisfasthuber.at\/","name":"Mag. Edith Fasthuber","description":"Praxis f\u00fcr Klinische Psychologie","potentialAction":[{"@type":"SearchAction","target":{"@type":"EntryPoint","urlTemplate":"https:\/\/praxisfasthuber.at\/?s={search_term_string}"},"query-input":{"@type":"PropertyValueSpecification","valueRequired":true,"valueName":"search_term_string"}}],"inLanguage":"de"}]}},"_links":{"self":[{"href":"https:\/\/praxisfasthuber.at\/index.php\/wp-json\/wp\/v2\/pages\/156","targetHints":{"allow":["GET"]}}],"collection":[{"href":"https:\/\/praxisfasthuber.at\/index.php\/wp-json\/wp\/v2\/pages"}],"about":[{"href":"https:\/\/praxisfasthuber.at\/index.php\/wp-json\/wp\/v2\/types\/page"}],"author":[{"embeddable":true,"href":"https:\/\/praxisfasthuber.at\/index.php\/wp-json\/wp\/v2\/users\/1"}],"replies":[{"embeddable":true,"href":"https:\/\/praxisfasthuber.at\/index.php\/wp-json\/wp\/v2\/comments?post=156"}],"version-history":[{"count":89,"href":"https:\/\/praxisfasthuber.at\/index.php\/wp-json\/wp\/v2\/pages\/156\/revisions"}],"predecessor-version":[{"id":1384,"href":"https:\/\/praxisfasthuber.at\/index.php\/wp-json\/wp\/v2\/pages\/156\/revisions\/1384"}],"wp:attachment":[{"href":"https:\/\/praxisfasthuber.at\/index.php\/wp-json\/wp\/v2\/media?parent=156"}],"curies":[{"name":"wp","href":"https:\/\/api.w.org\/{rel}","templated":true}]}}