{"id":37,"date":"2022-08-27T13:43:57","date_gmt":"2022-08-27T13:43:57","guid":{"rendered":"https:\/\/kunde29.die-website-spezialisten.at\/?page_id=37"},"modified":"2022-09-06T21:19:21","modified_gmt":"2022-09-06T21:19:21","slug":"wirkung","status":"publish","type":"page","link":"https:\/\/praxisfasthuber.at\/index.php\/wirkung\/","title":{"rendered":"Wirkung"},"content":{"rendered":"\t\t<div data-elementor-type=\"wp-page\" data-elementor-id=\"37\" class=\"elementor elementor-37\">\n\t\t\t\t\t\t<section class=\"elementor-section elementor-top-section elementor-element elementor-element-a1a868c elementor-section-boxed elementor-section-height-default elementor-section-height-default\" data-id=\"a1a868c\" data-element_type=\"section\" data-e-type=\"section\">\n\t\t\t\t\t\t<div class=\"elementor-container elementor-column-gap-default\">\n\t\t\t\t\t<div class=\"elementor-column elementor-col-100 elementor-top-column elementor-element elementor-element-9d593a7\" data-id=\"9d593a7\" data-element_type=\"column\" data-e-type=\"column\">\n\t\t\t<div class=\"elementor-widget-wrap elementor-element-populated\">\n\t\t\t\t\t\t<div class=\"elementor-element elementor-element-43d8175 elementor-widget elementor-widget-heading\" data-id=\"43d8175\" data-element_type=\"widget\" data-e-type=\"widget\" data-widget_type=\"heading.default\">\n\t\t\t\t<div class=\"elementor-widget-container\">\n\t\t\t\t\t<h1 class=\"elementor-heading-title elementor-size-default\">Wirkung<\/h1>\t\t\t\t<\/div>\n\t\t\t\t<\/div>\n\t\t\t\t<div class=\"elementor-element elementor-element-e18c292 elementor-widget elementor-widget-image\" data-id=\"e18c292\" data-element_type=\"widget\" data-e-type=\"widget\" data-widget_type=\"image.default\">\n\t\t\t\t<div class=\"elementor-widget-container\">\n\t\t\t\t\t\t\t\t\t\t\t\t\t\t\t<img fetchpriority=\"high\" decoding=\"async\" width=\"640\" height=\"447\" src=\"https:\/\/praxisfasthuber.at\/wp-content\/uploads\/2022\/08\/wirkung-biofeedback.jpg\" class=\"attachment-full size-full wp-image-344\" alt=\"Wirkung Biofeedback\" srcset=\"https:\/\/praxisfasthuber.at\/wp-content\/uploads\/2022\/08\/wirkung-biofeedback.jpg 640w, https:\/\/praxisfasthuber.at\/wp-content\/uploads\/2022\/08\/wirkung-biofeedback-300x210.jpg 300w, https:\/\/praxisfasthuber.at\/wp-content\/uploads\/2022\/08\/wirkung-biofeedback-624x436.jpg 624w\" sizes=\"(max-width: 640px) 100vw, 640px\" \/>\t\t\t\t\t\t\t\t\t\t\t\t\t\t\t<\/div>\n\t\t\t\t<\/div>\n\t\t\t\t<div class=\"elementor-element elementor-element-7789d39 elementor-widget elementor-widget-text-editor\" data-id=\"7789d39\" data-element_type=\"widget\" data-e-type=\"widget\" data-widget_type=\"text-editor.default\">\n\t\t\t\t<div class=\"elementor-widget-container\">\n\t\t\t\t\t\t\t\t\t<p>In erster Linie geht es beim Biofeedback um das Lernen bzw. Verbessern von K\u00f6rperwahrnehmung und Selbstkontrolle \u00fcber bestimmte biologische Vorg\u00e4nge. Zus\u00e4tzlich k\u00f6nnen Selbstheilungskr\u00e4fte aktiviert, Kompetenzen gest\u00e4rkt und die Selbstsicherheit gef\u00f6rdert werden.<\/p>\t\t\t\t\t\t\t\t<\/div>\n\t\t\t\t<\/div>\n\t\t\t\t<div class=\"elementor-element elementor-element-cfcdb1f elementor-widget elementor-widget-text-editor\" data-id=\"cfcdb1f\" data-element_type=\"widget\" data-e-type=\"widget\" data-widget_type=\"text-editor.default\">\n\t\t\t\t<div class=\"elementor-widget-container\">\n\t\t\t\t\t\t\t\t\t<p>Biofeedback bewirkt au\u00dferdem, dass Stress im Alltag fr\u00fcher und auch \nbewusster wahrgenommen werden kann. Als eine wirkungsvolle, \nzielgerichtete und individuelle Entspannungsmethode (mentales Training, \nkardio-vaskul\u00e4res Training, Muskelentspannungs- oder Atemtraining) kann \nes Ihnen zuk\u00fcnftig helfen, mit Belastungen besser umzugehen und sich \ndavon wieder schneller und effektiver zu erholen.<\/p>\t\t\t\t\t\t\t\t<\/div>\n\t\t\t\t<\/div>\n\t\t\t\t\t<\/div>\n\t\t<\/div>\n\t\t\t\t\t<\/div>\n\t\t<\/section>\n\t\t\t\t<\/div>\n\t\t","protected":false},"excerpt":{"rendered":"<p>Wirkung In erster Linie geht es beim Biofeedback um das Lernen bzw. Verbessern von K\u00f6rperwahrnehmung und Selbstkontrolle \u00fcber bestimmte biologische Vorg\u00e4nge. Zus\u00e4tzlich k\u00f6nnen Selbstheilungskr\u00e4fte aktiviert, Kompetenzen gest\u00e4rkt und die Selbstsicherheit gef\u00f6rdert werden. Biofeedback bewirkt au\u00dferdem,&hellip; <a href=\"https:\/\/praxisfasthuber.at\/index.php\/wirkung\/\">Mehr<\/a><\/p>\n","protected":false},"author":1,"featured_media":0,"parent":0,"menu_order":0,"comment_status":"closed","ping_status":"closed","template":"elementor_header_footer","meta":{"footnotes":""},"class_list":["post-37","page","type-page","status-publish","hentry"],"yoast_head":"<!-- This site is optimized with the Yoast SEO plugin v26.7 - https:\/\/yoast.com\/wordpress\/plugins\/seo\/ -->\n<title>Wirkung - Mag. Edith Fasthuber<\/title>\n<meta name=\"robots\" content=\"index, follow, max-snippet:-1, max-image-preview:large, max-video-preview:-1\" \/>\n<link rel=\"canonical\" href=\"https:\/\/praxisfasthuber.at\/index.php\/wirkung\/\" \/>\n<meta property=\"og:locale\" content=\"de_DE\" \/>\n<meta property=\"og:type\" content=\"article\" \/>\n<meta property=\"og:title\" content=\"Wirkung - Mag. Edith Fasthuber\" \/>\n<meta property=\"og:description\" content=\"Wirkung In erster Linie geht es beim Biofeedback um das Lernen bzw. Verbessern von K\u00f6rperwahrnehmung und Selbstkontrolle \u00fcber bestimmte biologische Vorg\u00e4nge. Zus\u00e4tzlich k\u00f6nnen Selbstheilungskr\u00e4fte aktiviert, Kompetenzen gest\u00e4rkt und die Selbstsicherheit gef\u00f6rdert werden. Biofeedback bewirkt au\u00dferdem,&hellip; Mehr\" \/>\n<meta property=\"og:url\" content=\"https:\/\/praxisfasthuber.at\/index.php\/wirkung\/\" \/>\n<meta property=\"og:site_name\" content=\"Mag. Edith Fasthuber\" \/>\n<meta property=\"article:modified_time\" content=\"2022-09-06T21:19:21+00:00\" \/>\n<meta property=\"og:image\" content=\"https:\/\/kunde29.die-website-spezialisten.at\/wp-content\/uploads\/2022\/08\/wirkung-biofeedback.jpg\" \/>\n<meta name=\"twitter:card\" content=\"summary_large_image\" \/>\n<meta name=\"twitter:label1\" content=\"Gesch\u00e4tzte Lesezeit\" \/>\n\t<meta name=\"twitter:data1\" content=\"1\u00a0Minute\" \/>\n<script type=\"application\/ld+json\" class=\"yoast-schema-graph\">{\"@context\":\"https:\/\/schema.org\",\"@graph\":[{\"@type\":\"WebPage\",\"@id\":\"https:\/\/praxisfasthuber.at\/index.php\/wirkung\/\",\"url\":\"https:\/\/praxisfasthuber.at\/index.php\/wirkung\/\",\"name\":\"Wirkung - Mag. Edith Fasthuber\",\"isPartOf\":{\"@id\":\"https:\/\/praxisfasthuber.at\/#website\"},\"primaryImageOfPage\":{\"@id\":\"https:\/\/praxisfasthuber.at\/index.php\/wirkung\/#primaryimage\"},\"image\":{\"@id\":\"https:\/\/praxisfasthuber.at\/index.php\/wirkung\/#primaryimage\"},\"thumbnailUrl\":\"https:\/\/kunde29.die-website-spezialisten.at\/wp-content\/uploads\/2022\/08\/wirkung-biofeedback.jpg\",\"datePublished\":\"2022-08-27T13:43:57+00:00\",\"dateModified\":\"2022-09-06T21:19:21+00:00\",\"breadcrumb\":{\"@id\":\"https:\/\/praxisfasthuber.at\/index.php\/wirkung\/#breadcrumb\"},\"inLanguage\":\"de\",\"potentialAction\":[{\"@type\":\"ReadAction\",\"target\":[\"https:\/\/praxisfasthuber.at\/index.php\/wirkung\/\"]}]},{\"@type\":\"ImageObject\",\"inLanguage\":\"de\",\"@id\":\"https:\/\/praxisfasthuber.at\/index.php\/wirkung\/#primaryimage\",\"url\":\"https:\/\/kunde29.die-website-spezialisten.at\/wp-content\/uploads\/2022\/08\/wirkung-biofeedback.jpg\",\"contentUrl\":\"https:\/\/kunde29.die-website-spezialisten.at\/wp-content\/uploads\/2022\/08\/wirkung-biofeedback.jpg\"},{\"@type\":\"BreadcrumbList\",\"@id\":\"https:\/\/praxisfasthuber.at\/index.php\/wirkung\/#breadcrumb\",\"itemListElement\":[{\"@type\":\"ListItem\",\"position\":1,\"name\":\"Startseite\",\"item\":\"https:\/\/praxisfasthuber.at\/\"},{\"@type\":\"ListItem\",\"position\":2,\"name\":\"Wirkung\"}]},{\"@type\":\"WebSite\",\"@id\":\"https:\/\/praxisfasthuber.at\/#website\",\"url\":\"https:\/\/praxisfasthuber.at\/\",\"name\":\"Mag. Edith Fasthuber\",\"description\":\"Praxis f\u00fcr Klinische Psychologie\",\"potentialAction\":[{\"@type\":\"SearchAction\",\"target\":{\"@type\":\"EntryPoint\",\"urlTemplate\":\"https:\/\/praxisfasthuber.at\/?s={search_term_string}\"},\"query-input\":{\"@type\":\"PropertyValueSpecification\",\"valueRequired\":true,\"valueName\":\"search_term_string\"}}],\"inLanguage\":\"de\"}]}<\/script>\n<!-- \/ Yoast SEO plugin. -->","yoast_head_json":{"title":"Wirkung - Mag. Edith Fasthuber","robots":{"index":"index","follow":"follow","max-snippet":"max-snippet:-1","max-image-preview":"max-image-preview:large","max-video-preview":"max-video-preview:-1"},"canonical":"https:\/\/praxisfasthuber.at\/index.php\/wirkung\/","og_locale":"de_DE","og_type":"article","og_title":"Wirkung - Mag. Edith Fasthuber","og_description":"Wirkung In erster Linie geht es beim Biofeedback um das Lernen bzw. Verbessern von K\u00f6rperwahrnehmung und Selbstkontrolle \u00fcber bestimmte biologische Vorg\u00e4nge. Zus\u00e4tzlich k\u00f6nnen Selbstheilungskr\u00e4fte aktiviert, Kompetenzen gest\u00e4rkt und die Selbstsicherheit gef\u00f6rdert werden. Biofeedback bewirkt au\u00dferdem,&hellip; Mehr","og_url":"https:\/\/praxisfasthuber.at\/index.php\/wirkung\/","og_site_name":"Mag. Edith Fasthuber","article_modified_time":"2022-09-06T21:19:21+00:00","og_image":[{"url":"https:\/\/kunde29.die-website-spezialisten.at\/wp-content\/uploads\/2022\/08\/wirkung-biofeedback.jpg","type":"","width":"","height":""}],"twitter_card":"summary_large_image","twitter_misc":{"Gesch\u00e4tzte Lesezeit":"1\u00a0Minute"},"schema":{"@context":"https:\/\/schema.org","@graph":[{"@type":"WebPage","@id":"https:\/\/praxisfasthuber.at\/index.php\/wirkung\/","url":"https:\/\/praxisfasthuber.at\/index.php\/wirkung\/","name":"Wirkung - Mag. Edith Fasthuber","isPartOf":{"@id":"https:\/\/praxisfasthuber.at\/#website"},"primaryImageOfPage":{"@id":"https:\/\/praxisfasthuber.at\/index.php\/wirkung\/#primaryimage"},"image":{"@id":"https:\/\/praxisfasthuber.at\/index.php\/wirkung\/#primaryimage"},"thumbnailUrl":"https:\/\/kunde29.die-website-spezialisten.at\/wp-content\/uploads\/2022\/08\/wirkung-biofeedback.jpg","datePublished":"2022-08-27T13:43:57+00:00","dateModified":"2022-09-06T21:19:21+00:00","breadcrumb":{"@id":"https:\/\/praxisfasthuber.at\/index.php\/wirkung\/#breadcrumb"},"inLanguage":"de","potentialAction":[{"@type":"ReadAction","target":["https:\/\/praxisfasthuber.at\/index.php\/wirkung\/"]}]},{"@type":"ImageObject","inLanguage":"de","@id":"https:\/\/praxisfasthuber.at\/index.php\/wirkung\/#primaryimage","url":"https:\/\/kunde29.die-website-spezialisten.at\/wp-content\/uploads\/2022\/08\/wirkung-biofeedback.jpg","contentUrl":"https:\/\/kunde29.die-website-spezialisten.at\/wp-content\/uploads\/2022\/08\/wirkung-biofeedback.jpg"},{"@type":"BreadcrumbList","@id":"https:\/\/praxisfasthuber.at\/index.php\/wirkung\/#breadcrumb","itemListElement":[{"@type":"ListItem","position":1,"name":"Startseite","item":"https:\/\/praxisfasthuber.at\/"},{"@type":"ListItem","position":2,"name":"Wirkung"}]},{"@type":"WebSite","@id":"https:\/\/praxisfasthuber.at\/#website","url":"https:\/\/praxisfasthuber.at\/","name":"Mag. Edith Fasthuber","description":"Praxis f\u00fcr Klinische Psychologie","potentialAction":[{"@type":"SearchAction","target":{"@type":"EntryPoint","urlTemplate":"https:\/\/praxisfasthuber.at\/?s={search_term_string}"},"query-input":{"@type":"PropertyValueSpecification","valueRequired":true,"valueName":"search_term_string"}}],"inLanguage":"de"}]}},"_links":{"self":[{"href":"https:\/\/praxisfasthuber.at\/index.php\/wp-json\/wp\/v2\/pages\/37","targetHints":{"allow":["GET"]}}],"collection":[{"href":"https:\/\/praxisfasthuber.at\/index.php\/wp-json\/wp\/v2\/pages"}],"about":[{"href":"https:\/\/praxisfasthuber.at\/index.php\/wp-json\/wp\/v2\/types\/page"}],"author":[{"embeddable":true,"href":"https:\/\/praxisfasthuber.at\/index.php\/wp-json\/wp\/v2\/users\/1"}],"replies":[{"embeddable":true,"href":"https:\/\/praxisfasthuber.at\/index.php\/wp-json\/wp\/v2\/comments?post=37"}],"version-history":[{"count":49,"href":"https:\/\/praxisfasthuber.at\/index.php\/wp-json\/wp\/v2\/pages\/37\/revisions"}],"predecessor-version":[{"id":949,"href":"https:\/\/praxisfasthuber.at\/index.php\/wp-json\/wp\/v2\/pages\/37\/revisions\/949"}],"wp:attachment":[{"href":"https:\/\/praxisfasthuber.at\/index.php\/wp-json\/wp\/v2\/media?parent=37"}],"curies":[{"name":"wp","href":"https:\/\/api.w.org\/{rel}","templated":true}]}}